tor of 1422 and n?
158
Suppose -31*d + 146149 + 37848 = -14558. What is the highest common divisor of d and 3050?
305
Suppose 2650 = 5*c - 10615. Suppose 0 = 12*y - c - 11075. Calculate the greatest common factor of 88 and y.
88
Let d(t) = -t - 7. Let a be d(9). Let u(m) = m + 24. Let w be u(a). Suppose 2*v = 3*p - 0*p + 58, 4*p = w. What is the greatest common divisor of v and 80?
16
Suppose 4*i - 2*a = 132, -2*a = -5*i - 85 + 251. Suppose 4*q - i - 126 = 0. Let y = 121 + -111. What is the highest common divisor of q and y?
10
Suppose -4*r - r + 2*a + 268 = 0, -a + 1 = 0. Suppose -51 = -11*u - 50 + 65. Calculate the highest common factor of u and r.
6
Suppose 11*w - 3*z - 17 = -4*z, -5*z = -4*w - 26. What is the highest common factor of w and 132?
1
Suppose 20*j + 84 = 22*j. Let d be (-5)/160*-12 + 63/24. What is the greatest common factor of j and d?
3
Let n be -6*(30/(-9) + 2). Let x = -117 + -11. Let b = x + 168. Calculate the greatest common factor of b and n.
8
Let m(o) = 3 + 1 + 2 + 17*o. Let c be m(5). Suppose r = 11*j - 8 - 71, -4*j + 30 = -r. What is the highest common divisor of c and j?
7
Let u(k) = 3*k**2 + 7*k - 2. Let a be u(5). Suppose 5*j = d - 101, 27 = -3*d + 3*j + 174. What is the greatest common divisor of d and a?
36
Let j be (-140)/7*1/((-6)/72). Suppose 5*g - 77 = 223. Calculate the greatest common factor of g and j.
60
Let y(v) = 3*v**2 + 1 + 7 - 2 - 3*v. Suppose 3448*o - 3453*o = -10. Let g be y(o). Calculate the highest common divisor of g and 36.
12
Let t be (-3)/((1 - 2)*1). Suppose -5*c + 2*n = -332, 5*n = t*c + n - 202. Calculate the greatest common divisor of c and 24.
6
Let l be 12 + 3795/88 + 6/(-48). What is the greatest common divisor of l and 979?
11
Let f(x) = 4*x**2 - 10*x - 7. Let d be f(10). Let w = 365 - d. What is the highest common divisor of w and 90?
18
Suppose 250 = 20*y - 16 - 1334. Calculate the greatest common factor of y and 40.
40
Suppose -66*g = -37*g - 174. Let s be (1392/(g + -14))/(-2). Calculate the highest common factor of 1653 and s.
87
Suppose -4*x = -6*x + 2. Let u be x*(-4)/2 - -4. Suppose 3*s - 4*b = 22, u*b - 1 = -3. Calculate the greatest common divisor of s and 54.
6
Let j(y) = 2*y**2 - 30*y + 26. Let u be j(16). Let b = -55 + u. What is the highest common factor of b and 10?
1
Suppose -4 = 2*a - 4*h, -5*h + 27 = 5*a - 2*a. Suppose -2*d + d + 2*i + 31 = 0, -73 = -3*d - a*i. Calculate the highest common factor of 3 and d.
3
Let m be ((-16)/(-14))/(20/26180*17). Calculate the highest common divisor of 737 and m.
11
Suppose -2*p + 0*p + 6 = 0, -2*s - p = -103. Let d be ((-1)/(4/12))/(3/211). Let r = 221 + d. Calculate the greatest common factor of r and s.
10
Let v = -1518 - -15237. What is the highest common factor of v and 51?
51
Let o be 7/2*5/(70/144). Calculate the greatest common factor of 486 and o.
18
Let r = -11 + 19. Let a = 19 - r. Let t(f) = 23*f**2 + 399*f - 802. Let m be t(2). Calculate the highest common divisor of m and a.
11
Let s be (-126)/147*(-342 + 6). What is the highest common factor of 128 and s?
32
Let z(a) = a**3 - 4*a**2 - 4*a + 9. Let g be z(5). Let r(q) = 15*q - 190. Let s be r(15). Calculate the greatest common factor of s and g.
7
Let n(p) = 15*p - 57. Let m be n(4). Suppose -2*u - m = -5*x - 30, -4*u - 4*x = -68. What is the greatest common factor of u and 288?
16
Suppose -g = -6*x + x + 271, 2*g = -2. Suppose 0 = -40*u + 1989 + 171. What is the highest common divisor of u and x?
54
Let o be 13 + 6 + -3 + -2. Suppose 3*w - o = 2*w. Calculate the greatest common factor of w and 126.
14
Let r be (-4)/(-78) - (-80964576)/11583. What is the greatest common divisor of r and 40?
10
Suppose -5*h + 3*t = 58, 4*h = 4*t - 48 + 8. Let r be 6 + -1 + (46 - h). Calculate the greatest common factor of r and 325.
65
Let j(i) = 14*i - 81. Let w be j(6). Suppose w*x - m + 5*m = 192, x - m = 57. What is the greatest common divisor of x and 45?
15
Let a(c) = 6*c**2 + 802*c - 3196. Let l be a(4). Calculate the highest common factor of 1476 and l.
36
Suppose 0 = -h - 3*h + 128. Let l = -10 + h. Suppose -41123 = -113*a - 13777. Calculate the greatest common divisor of l and a.
22
Suppose 3085 - 13669 = -14*f. What is the greatest common divisor of f and 273?
21
Let f(o) = -46*o - 2*o**2 - 123 - 97 + 291 - 111. Let b be f(-22). Suppose 0*a = 4*a - 64. What is the highest common factor of a and b?
4
Let n(j) = -160*j + 1534. Let m be n(9). Calculate the highest common divisor of 2538 and m.
94
Suppose 0 = 4*x - 0*x - 256. Suppose 274 - 66 = 5*u - 4*j, j - 8 = 0. Calculate the highest common divisor of u and x.
16
Let q = 11856 + -11824. Let f = 36 + -16. Calculate the highest common factor of q and f.
4
Let m(d) = -31*d**3 - 2076*d**2 + 69*d + 332. Let a be m(-67). Let n(k) = 15*k**2 - 3*k. Let c be n(2). What is the greatest common factor of c and a?
18
Suppose 0 = -12*y + 84 + 60. Suppose -2*i + y*i = 720. What is the highest common factor of i and 54?
18
Let q(x) = -55*x + 2754. Let w be q(46). Calculate the highest common divisor of w and 1141.
7
Let n be 1 + 14 + 0/1. Suppose 2*u + 6807*i - 6805*i + 8 = 0, -u - 5*i - 32 = 0. What is the highest common divisor of n and u?
3
Let a(y) = 2*y**2 - 54*y - 42. Let o be a(28). Suppose q - 476 = -q. Calculate the highest common factor of q and o.
14
Let t = 487 - 421. Suppose 2*o + t = 5*u - 220, 0 = u - 3*o - 52. What is the highest common divisor of u and 58?
58
Let q be (3 + 15)*(5 - 28/6). Suppose 0 = v - 3*r - 37, 2*r + q - 4 = 0. Calculate the highest common divisor of 221 and v.
17
Suppose -a + 5*b + 16 = -31, -4*a - 4*b + 260 = 0. Let o = a - 15. Calculate the greatest common divisor of o and 893.
47
Let r be 3*((-6)/(-4) - 2)*-10. What is the greatest common divisor of r and 14115?
15
Let h = -1 - 5. Let p be 1587/46 + h/4. Suppose -5*x + 44 = 4*y - 9*x, y + 2*x = 11. What is the greatest common divisor of y and p?
11
Suppose -4*p - 5314 = -638. Let a = p - -1177. Let l(h) = h**2 + h. Let q be l(4). What is the highest common divisor of q and a?
4
Let s(x) = -19*x + 314. Let a be s(14). Calculate the highest common factor of 696 and a.
24
Let f be (-988)/57 + 2/(-3). Let k be (f/6 + 1)/(2/(-100)). What is the greatest common divisor of 50 and k?
50
Let y(m) = -306*m + 1303. Let v be y(4). What is the greatest common factor of 8137 and v?
79
Let v(m) = -2*m**2 + 386*m - 7464. Let z be v(22). Let g = 33 + 15. Calculate the highest common divisor of g and z.
12
Let o(v) = 7*v**2 + 11*v**2 - 16*v**2 - v - v**3 - 11 - 9*v. Let c be o(-3). What is the highest common factor of c and 176?
16
Let m = 318 - -5057. What is the highest common divisor of m and 43?
43
Suppose 11*b = 3*a + 10*b - 16, -a + 3*b = 8. Suppose -734 = -a*m + 946. Calculate the greatest common factor of 30 and m.
30
Let f = -26071 - -60062. Calculate the highest common divisor of f and 19.
19
Suppose 2*r = 937 + 1303. What is the highest common factor of r and 480?
160
Suppose -5*f = 2*f + 14 - 105. What is the greatest common factor of f and 1664?
13
Let g = 89 - 41. Suppose m - 3*k = -g, 1 - 4 = 3*k. Let v = m + 85. Calculate the highest common divisor of v and 17.
17
Suppose 30*v = 2896 - 166. What is the greatest common divisor of 221 and v?
13
Let d = 2235 - 2230. Suppose 5 = 4*v - 27. Suppose 0 = -d*s - 7*z + v*z + 112, -108 = -5*s - z. What is the greatest common factor of s and 198?
22
Let v(i) = -i**3 - 65*i**2 - 69*i - 290. Let y be v(-64). Calculate the highest common divisor of y and 3750.
30
Let i = -14 - -35. Suppose 4*u + 193 = 417. What is the highest common divisor of i and u?
7
Let d be 975/26*(-8)/(-30). What is the highest common factor of 4090 and d?
10
Let q = 18615 - 18576. What is the highest common divisor of q and 2951?
13
Suppose 490 + 173 = -5*q - 4*a, 0 = -5*q + 2*a - 681. Let c = q + 148. Suppose 2*o = 159 + 23. Calculate the highest common factor of c and o.
13
Let j(h) = 944*h + 4367. Let v be j(4). What is the highest common factor of 51 and v?
17
Let y(c) = -c**2 - 15*c + 140. Let d be y(-21). Let u be 2700/126 - (-2)/d*4. Let g = 517 + -363. Calculate the greatest common divisor of u and g.
22
Let v(k) = -57*k + 135. Let l be v(-28). Suppose -80*b + l = 611. Let s be 27 + 0 + (1 - 0). What is the greatest common factor